14) to base 8.
-276660
Convert -9dcc5c (base 15) to base 14.
-10023c7
What is -91803 (base 10) in base 11?
-62a78
Convert 5155164 (base 7) to base 10.
618867
What is 125904 (base 16) in base 2?
100100101100100000100
What is 5a5be (base 16) in base 7?
3101016
3a905 (base 14) to base 13
509a1
34548 (base 16) to base 11
137049
10034330 (base 5) to base 16
13ace
Convert 34312311 (base 5) to base 8.
1130006
34402111 (base 5) to base 8
1134630
-3ad1d (base 14) to base 3
-21101021010
What is -100112001022211 (base 3) in base 9?
-10461284
13108 (base 15) to base 4
32320313
83097 (base 13) to base 6
5012523
20213301202 (base 4) to base 7
25132054
What is -2847802 (base 11) in base 5?
-2223303011
Convert 1613637 (base 11) to base 9.
5162230
3545123 (base 7) to base 3
211210001012
-b65316 (base 14) to base 10
-6160888
-226b6 (base 12) to base 3
-2100000010
Convert -2cb42 (base 15) to base 3.
-21022220222
Convert -27504b (base 12) to base 13.
-19a717
Convert 3036616 (base 8) to base 12.
328292
-1802132 (base 10) to base 15
-258e72
Convert -13099bc (base 13) to base 11.
-3402495
Convert 156262 (base 11) to base 8.
731570
3221000032 (base 4) to base 8
3510016
-1968977 (base 12) to base 10
-5365099
1203130111 (base 4) to base 9
680654
What is 340333031 (base 5) in base 8?
5551720
Convert 133503223 (base 6) to base 3.
12002010100020
Convert 327425 (base 8) to base 2.
11010111100010101
-2102003 (base 4) to base 8
-22203
3602670 (base 10) to base 4
31233203232
What is -2004320 (base 9) in base 7?
-12030021
-2102033 (base 5) to base 13
-129cb
2220121010 (base 3) to base 15
11e9c
Convert 477877 (base 14) to base 16.
253f81
-27cc (base 15) to base 12
-4b19
What is -117962 (base 10) in base 14?
-30dbc
Convert -6ab287 (base 13) to base 7.
-30400241
Convert 11a047 (base 12) to base 15.
5a01d
What is 42624155 (base 8) in base 9?
18140070
-27406 (base 14) to base 12
-48052
Convert 16624073 (base 9) to base 15.
aeba93
What is -93e28e (base 15) in base 5?
-3300042314
Convert 3265757 (base 8) to base 15.
12594e
What is 331420 (base 7) in base 14?
172b7
Convert 17202 (base 12) to base 15.
9c32
What is -18881 (base 12) in base 15?
-a924
4b5d14 (base 16) to base 14
927d1a
15c72 (base 13) to base 6
520523
Convert 31126036 (base 8) to base 15.
8a4ce2
Convert -1b7640 (base 12) to base 6.
-14300120
Convert -21905a2 (base 11) to base 15.
-50bbc4
-627453 (base 12) to base 9
-2817320
What is 20ba1 (base 14) in base 11?
544a6
Convert -1817a71 (base 13) to base 11.
-4477517
What is 40134342 (base 5) in base 14?
83cd3
632368 (base 12) to base 8
5745200
-88eb (base 16) to base 3
-1210002012
-134a52 (base 11) to base 12
-a2525
What is 1b2bb5 (base 16) in base 8?
6625665
Convert 25901 (base 10) to base 9.
38468
What is 11110100101111111111110 (base 2) in base 7?
125111553
-3011203 (base 5) to base 15
-e1d8
d189 (base 14) to base 3
1211100221
-20210024 (base 5) to base 13
-59342
-4c00cc (base 13) to base 16
-1be4e8
What is 100222122 (base 4) in base 14?
1ac30
What is -163474 (base 8) in base 5?
-3343241
-1d54e (base 15) to base 16
-175d3
What is 14361 (base 10) in base 12?
8389
-29761 (base 11) to base 7
-233650
4235601 (base 7) to base 9
862250
Convert 3584458 (base 9) to base 13.
5315c3
Convert -234225 (base 9) to base 7.
-1124510
Convert -62824 (base 10) to base 8.
-172550
What is 2022330 (base 4) in base 5?
241032
What is 3be08 (base 16) in base 2?
111011111000001000
Convert -5701334 (base 8) to base 16.
-1782dc
-11201003221 (base 5) to base 6
-1124132421
What is -150570 (base 9) in base 7?
-533106
What is -2032101 (base 5) in base 10?
-33401
Convert -5421413 (base 6) to base 11.
-172951
Convert 2665431 (base 10) to base 13.
7242a2
1243040031 (base 6) to base 12
4b10017
Convert 58246 (base 9) to base 6.
455453
What is 104a820 (base 12) in base 10?
3087384
-146687 (base 10) to base 11
-a0232
-1571316 (base 10) to base 4
-11333213310
Convert -68d46 (base 14) to base 16.
-3e452
Convert -262e2 (base 16) to base 14.
-40dc6
What is -23452 (base 10) in base 7?
-125242
-30343141 (base 8) to base 9
-13045732
-40208 (base 15) to base 7
-1503500
-1115771 (base 8) to base 11
-196a52
What is a465 (base 16) in base 7?
233461
-1010110101111001 (base 2) to base 16
-ad79
Convert 2820e3 (base 16) to base 9.
4847435
224532 (base 6) to base 9
28312
What is 3dd6d (base 16) in base 9?
425406
What is 384168 (base 14) in base 13?
528544
What is -26328a (base 11) in base 15?
-82b3b
55029 (base 13) to base 3
21211000020
What is -1102335 (base 7) in base 8?
-410223
Convert -abe7 (base 16) to base 7.
-242205
What is 542701 (base 8) in base 6?
3521105
23283 (base 13) to base 11
44226
-8 (base 16) to base 13
-8
-12121022122210 (base 3) to base 2
-1011010111001010001101
Convert -11103143201 (base 5) to base 10.
-12162301
Convert -204040423 (base 5) to base 16.
-cea1b
Convert 2011202201000 (base 3) to base 12.
479483
Convert -210013004 (base 5) to base 14.
-185799
-1056354 (base 7) to base 11
-90108
What is 10430234 (base 5) in base 2?
10110100110011001
-de1f (base 16) to base 11
-397a4
What is -101424544 (base 6) in base 14?
-33bac8
Convert -1696908 (base 11) to base 16.
-2becff
What is 6430440 (base 7) in base 14?
164657
Convert -24033143 (base 7) to base 6.
-113322322
What is -242554 (base 8) in base 14?
-22508
-12111201202101 (base 3) to base 10
-2927485
Convert 1022755 (base 10) to base 11.
639458
1033300110 (base 5) to base 12
902598
-2551064 (base 7) to base 9
-555035
Convert 532503 (base 6) to base 4.
22211313
-1000110100000001 (base 2) to base 16
-8d01
What is -2521265 (base 8) in base 2?
-10101010001010110101
What is -c6c50 (base 13) in base 14?
-9467d
Convert 194929 (base 10) to base 16.
2f971
Convert 48a74 (base 14) to base 9.
300650
Convert -12547023 (base 8) to base 15.
-3a62cc
What is -145322040 (base 6) in base 14?
-598b32
Convert 120230133 (base 4) to base 11.
69aa6
What is -527117 (base 9) in base 3?
-120221010121
Convert -11013021131 (base 4) to base 6.
-44415405
-102012006 (base 7) to base 4
-112321213320
What is 320221231 (base 4) in base 14?
607c9
726643 (base 12) to base 2
110110110001000010011
What is -52453110 (base 8) in base 11?
-63350a1
-10112201022 (base 3) to base 9
-115638
What is 34cc89 (base 16) in base 10?
3460233
-39bda (base 14) to base 16
-22bd4
3b6706 (base 12) to base 5
223022344
Convert 2141143444 (base 5) to base 9.
8637633
-52147761 (base 8) to base 5
-10313011111
What is 294708 (base 13) in base 5?
224301424
What is -1327154 (base 8) in base 10?
-372332
What is -1cd31 (base 15) in base 8?
-267620
Convert -1211546 (base 9) to base 8.
-2403574
What is 3101322111 (base 4) in base 10?
859797
b46eef (base 16) to base 10
11824879
What is 6113147 (base 8) in base 15?
21c697
Convert -13dee3 (base 15) to base 8.
-3520030
What is 21020001200 (base 3) in base 9?
236050
Convert -149868 (base 10) to base 7.
-1162635
100333102 (base 4) to base 7
406606
What is 13122 (base 9) in base 10?
8849
What is -30882811 (base 9) in base 5?
-12302012103
Convert 3224013 (base 5) to base 16.
d663
What is 4567683 (base 9) in base 13?
6845c4
What is -b43d (base 14) in base 6?
-355343
-620568 (base 9) to base 6
-11515055
-332022 (base 5) to base 2
-10110011111000
Convert 2a0897 (base 14) to base 2.
101100100110100000101
What is -190a960 (base 11) in base 10?
-3235485
-301a09 (base 12) to base 2
-10110111000001101001
Convert -11131133122 (base 4) to base 5.
-331302024
3a714 (base 13) to base 14
2b953
Convert 6ba11 (base 13) to base 6.
4121045
Convert -211110002201 (base 3) to base 4.
-1223313313
-11000101111000011100 (base 2) to base 10
-810524
Convert -1302ac (base 15) to base 2.
-11011110100111110110
What is -100100100110001101111 (base 2) in base 7?
-13123153
What is -91564 (base 12) in base 8?
-561334
What is 411354000 (base 6) in base 15?
94b7a3
-9427a (base 12) to base 13
-6a35a
1122a8 (base 12) to base 14
71916
-1d2306 (base 14) to base 5
-231341224
What is -23434102 (base 6) in base 14?
-1521a6
What is 12114033 (base 6) in base 8?
1354345
-323411453 (base 6) to base 8
-26010331
Convert -1a876d (base 15) to base 9.
-2382404
What is 223013213 (base 4) in base 15?
374e5
Convert 1b932b (base 13) to base 8.
2542365
What is -10010101001001100110010 (base 2) in base 14?
-913162
101101010111011111 (b